340
In base 13, what is -5cba + 0?
-5cba
In base 12, what is -1776 - -6b?
-1707
In base 3, what is 2121001 + -2210?
2111021
In base 4, what is -21102 - -2?
-21100
In base 5, what is -10 + -1002123?
-1002133
In base 7, what is -152 + -313?
-465
In base 14, what is -a9ba + -1?
-a9bb
In base 15, what is 46c - 44?
428
In base 2, what is -11000110001100 - -1010?
-11000110000010
In base 12, what is -4ba422 - -2?
-4ba420
In base 16, what is -2c8d + -15?
-2ca2
In base 7, what is -2141 + 3442?
1301
In base 12, what is 27231 + 34?
27265
In base 6, what is -2053 - 505?
-3002
In base 11, what is -1a + 403a?
4020
In base 10, what is -64 + 45956?
45892
In base 5, what is 1113 - -13212?
14330
In base 5, what is 23013 + 1101?
24114
In base 16, what is -1d - 42c?
-449
In base 15, what is 7 + -278e?
-2787
In base 15, what is 2 - 13d4e?
-13d4c
In base 11, what is 3125 - -13?
3138
In base 13, what is 1c2b - -3?
1c31
In base 2, what is 11111111 + 10011000100010?
10011100100001
In base 3, what is 1122102111 + -120?
1122101221
In base 4, what is 1 + 32120233?
32120300
In base 6, what is 12225 + -535?
11250
In base 14, what is 5a - -128?
184
In base 8, what is 2566 + -1?
2565
In base 5, what is -10 - 1024422?
-1024432
In base 10, what is -39 + -285?
-324
In base 10, what is -106291 - -1?
-106290
In base 15, what is -4 - 2ed?
-302
In base 14, what is bb - -96?
173
In base 8, what is -1 + -55251?
-55252
In base 4, what is 1100222330 + -2?
1100222322
In base 6, what is -1254 - -11452?
10154
In base 9, what is -40611 + -58?
-40670
In base 14, what is -312 + 4cba?
49a8
In base 16, what is -16d - -57?
-116
In base 3, what is 12100 + -20002?
-202
In base 7, what is 0 - 55410?
-55410
In base 11, what is -216 - 155?
-370
In base 8, what is -5 + 44760?
44753
In base 7, what is 1 + 3626121?
3626122
In base 14, what is -2d + -3368?
-3397
In base 3, what is 2000 + 110111222?
110120222
In base 13, what is -66963 + 5?
-6695b
In base 11, what is 42 + -3570?
-3529
In base 2, what is 10100011100100 + -101?
10100011011111
In base 16, what is -f7 - 9df?
-ad6
In base 14, what is 88a - 6?
884
In base 9, what is 1370 + 1083?
2463
In base 12, what is 26 + 817?
841
In base 4, what is -1 - -103313003?
103313002
In base 14, what is -34 - 54?
-88
In base 6, what is -1442 + 3312?
1430
In base 6, what is 10400 + 1?
10401
In base 9, what is -6 - 313?
-320
In base 8, what is -71 + 20037?
17746
In base 15, what is 934 + -4ee?
435
In base 10, what is 1175 - -27?
1202
In base 2, what is 100 + 1000100011000?
1000100011100
In base 3, what is 11020121 - -10020?
11100211
In base 6, what is 2 - 1103022?
-1103020
In base 9, what is 0 - 24135?
-24135
In base 15, what is -4e - -309?
2aa
In base 11, what is -3 - -92623?
92620
In base 7, what is 54624404 - 2?
54624402
In base 5, what is -102233 + -1313?
-104101
In base 4, what is 2 - 112332013?
-112332011
In base 13, what is 19a6 + -14?
1992
In base 13, what is 15 + -32?
-1a
In base 12, what is -8b379a + 2?
-8b3798
In base 15, what is -7b - 445?
-4c1
In base 12, what is -11798 - 3?
-1179b
In base 11, what is -8a24 + -4?
-8a28
In base 12, what is 130b17 + -5?
130b12
In base 7, what is -40 + -14641?
-15011
In base 3, what is -11 - -21102222?
21102211
In base 8, what is 147217 - -20?
147237
In base 12, what is 26 + -67a4?
-677a
In base 7, what is -1 + -43420?
-43421
In base 5, what is -13 - -112441141?
112441123
In base 3, what is 10210210 - 2101?
10201102
In base 11, what is 14a3a + 5?
14a44
In base 10, what is -6 + 62930?
62924
In base 8, what is -3603313 + -5?
-3603320
In base 11, what is 1238 - -6?
1243
In base 5, what is -13233 - 13110?
-31343
In base 14, what is 0 + 420c?
420c
In base 5, what is -10 + 1130400?
1130340
In base 14, what is -c5 + 6a7?
5c2
In base 8, what is -1011246 + 2?
-1011244
In base 16, what is 2 - -7029a?
7029c
In base 7, what is -4105 + 106?
-3666
In base 10, what is -3618 - 0?
-3618
In base 2, what is -11001111000111 + 1000?
-11001110111111
In base 9, what is 0 - -5754?
5754
In base 2, what is 100011000000001001 + -11?
100011000000000110
In base 2, what is 110000111 + -100100?
101100011
In base 14, what is 1104 - -6?
110a
In base 3, what is -12 + 22110012011?
22110011222
In base 3, what is -1 - 1021111112012?
-1021111112020
In base 2, what is -1011000 + -110100011?
-111111011
In base 4, what is 23210 + 133102?
222312
In base 16, what is -3 + 3c6d?
3c6a
In base 7, what is -101030 + 3?
-101024
In base 3, what is -10221 + 110022?
22101
In base 14, what is 1 + -a5a3?
-a5a2
In base 14, what is 14 - -25419?
2542d
In base 9, what is 0 + -52822?
-52822
In base 10, what is -13 + -84664?
-84677
In base 2, what is -1001011100010 + 1010?
-1001011011000
In base 15, what is 4 + a5?
a9
In base 3, what is 121120 + 111220?
1010110
In base 15, what is -2 + -238d?
-2390
In base 4, what is 1 + -3333102203?
-3333102202
In base 15, what is 6600ce + 1?
6600d0
In base 16, what is 302a66 + -5?
302a61
In base 4, what is -23033131 - 3?
-23033200
In base 7, what is -345 + 14345?
14000
In base 4, what is -30230220 + -12?
-30230232
In base 10, what is 295 + 3375?
3670
In base 2, what is 10011111100 - -101011?
10100100111
In base 7, what is 30211 - 6?
30202
In base 4, what is 32 + 2300331?
2301023
In base 3, what is 12 + 2210121101?
2210121120
In base 14, what is c7b2 + -5?
c7ab
In base 9, what is -15 + -106856?
-106872
In base 12, what is -11 - 265?
-276
In base 10, what is 3 - 15447?
-15444
In base 10, what is -10 + 2862?
2852
In base 16, what is -189a8 + 19?
-1898f
In base 10, what is -47 - 1651?
-1698
In base 15, what is 83a1 + 6?
83a7
In base 12, what is -52 - 16ab?
-1741
In base 5, what is -104 + 3213100?
3212441
In base 7, what is 6252 - -2?
6254
In base 12, what is a2 + 2295?
2377
In base 12, what is 3 - -61370?
61373
In base 10, what is 7 - 51129?
-51122
In base 4, what is -1103323 - 223?
-1110212
In base 8, what is 25776 - 2?
25774
In base 2, what is -10100 + 1100000001101011?
1100000001010111
In base 16, what is -45 - -1c1?
17c
In base 10, what is 1 - 929196?
-929195
In base 8, what is 5 + 2023046?
2023053
In base 13, what is 15 + -536a7?
-53692
In base 10, what is 0 - -5457?
5457
In base 9, what is -20 - 23080?
-23110
In base 16, what is 2b4e2 - -1?
2b4e3
In base 3, what is -2121122020 - -1012?
-2121121001
In base 15, what is 4c8a + d?
4c98
In base 9, what is 54308 + 4?
54313
In base 11, what is -1525a - 5?
-15264
In base 9, what is -175 + 148?
-26
In base 9, what is -2 - 275187?
-275200
In base 16, what is -e - -263?
255
In base 5, what is -40 - 102334?
-102424
In base 5, what is -304 - 1130?
-1434
In base 15, what is -9ae - 3?
-9b2
In base 3, what is 1222102 - -11110?
2010212
In base 7, what is 22242 + -32?
22210
In base 9, what is 18302 + -51?
18241
In base 7, what is 443 - -50343?
51116
In base 16, what is -3e94c9 - 3?
-3e94cc
In base 13, what is 0 - 517c6a?
-517c6a
In base 5, what is 42430213 + 4?
42430222
In base 11, what is 0 + a4536?
a4536
In base 7, what is -64061 - 2?
-64063
In base 11, what is -5 - -3788?
3783
In base 8, what is 1 - 57042?
-57041
In base 5, what is 4 + 240114?
240123
In base 12, what is 87 - -998?
a63
In base 4, what is -3 - 2021131?
-2021200
In base 3, what is 11 - -2121210220?
2121211001
In base 13, what is -4 + 1b6b54?
1b6b50
In base 3, what is -111 + -212100221?
-212101102
In base 11, what is -7a - 63a?
-709
In base 11, what is -13 - 781a?
-7832
In base 7, what is 241310 - 4?
241303
In base 11, what is 604 + -269?
346
In base 2, what is 1110 - -100101011011011?
100101011101001
In base 8, what is -140410 + -4?
-140414
In base 11, what is -1 - 47?
-48
In base 5, what is 22333201 - 1?
22333200
In base 7, what is 4206160 - -5?
4206165
In base 16, what is -3a - 131?
-16b
In base 6, what is -4 - 10254454?
-10254502
In base 6, what is -54 - 40024?
-40122
In base 6, what is -14352 - 3?
-14355
In base 14, what is -574 + 42?
-532
In base 12, what is -1848 + 9?
-183b
In base 4, what is -11 + -31033220?
-31033231
In base 6, what is 153 - 505554?
-505401
In base 15, what is -3 + 1a38?
1a35
In base 6, what is -115022 - 13?
-115035
In base 10, what is 5 - -607449?
607454
In base 5, what is -334 - -4323?
3434
In base 2, what is -110101101 + 1010111111?
100010010
In base 8, what is -61 + 1022?
741
In base 3, what is -12121120 + 211?
-1